*9. What is the highest common divisor of h and 18?
18
Let g(r) = -r**2 - 3*r - 6. Let i be g(-6). Let p = i + 47. Suppose p = n - 1. What is the greatest common divisor of 16 and n?
8
Let b be (-6)/60 + 1041*(-1)/(-10). Calculate the highest common factor of 8 and b.
8
Let s(p) = -p**3 - 5*p**2 - p + 4. Let q be s(-5). Let h be 177/q + 1/3. Let c = -91 + 271. Calculate the highest common divisor of h and c.
20
Let z(r) = r + 5. Let n be z(-8). Suppose -2*o = -0*a - 4*a - 2, 2*a - 3*o + 7 = 0. Let j be (6 + n)/(a/3). What is the greatest common factor of j and 81?
9
Let c(m) = m**2 + 7*m + 8. Let r be c(-6). Suppose -i = -5*p - 24, 2*i + 2*i - 5*p - 36 = 0. What is the greatest common factor of i and r?
2
Suppose c = 5*u + 6 - 1, 2*u = 3*c - 15. Suppose u = -a - 2 + 4, -3*a + 45 = 3*s. Calculate the highest common divisor of 130 and s.
13
Let v = 29 + -4. Suppose 3*n = -3, 0 = -i - n - 16 - v. Let l be 4/14 - i/7. Calculate the highest common divisor of 1 and l.
1
Suppose -p + 5*n + 20 = 0, p + p - 3*n = 61. Calculate the greatest common divisor of 7 and p.
7
Let p(y) = 108*y + 3. Let d be p(-2). Let h = -98 - d. Calculate the highest common factor of h and 23.
23
Suppose 3*w - 5*w - 90 = 5*g, 5*w + 18 = -g. Let z be (-12)/g + (-572)/(-6). Calculate the highest common divisor of z and 12.
12
Suppose 4*g = -3*h + 92, 0 = -g + 4*g + 3*h - 72. Calculate the greatest common divisor of g and 20.
20
Let d = -14 - -86. Let c be (-3 - 0) + 12/2. Let i(m) = 3*m - 1. Let w be i(c). Calculate the greatest common factor of w and d.
8
Suppose 2*f + 306 = -4*u + 6*u, 4*u - 594 = -2*f. Calculate the greatest common divisor of 30 and u.
30
Let f = -69 - -102. Let g be (-1)/((2 + -3)/3). Calculate the highest common divisor of g and f.
3
Suppose -3*b + 5*z = -11, 5*b - 33 = -4*z + 5*z. What is the highest common factor of b and 7?
7
Let r(n) = -n**2 - 6*n + 6. Let f be r(-6). Suppose 11*b = 3*d + f*b, 0 = -b. Let p be -3 + 6 + d/(-2). Calculate the greatest common divisor of 3 and p.
3
Suppose -5*q - 3*u + 102 = -3, 4*q - 84 = -2*u. Calculate the highest common factor of 63 and q.
21
Let k(v) be the first derivative of -v**4/4 + v**3/3 + 8*v + 2. Let u be k(0). Let j be (-2)/u + (-794)/(-8). Calculate the highest common divisor of j and 11.
11
Let y be (5/(-2))/(4/(-80)). What is the greatest common divisor of 10 and y?
10
Let s(q) = -15*q - 24. Let k be s(-17). What is the greatest common divisor of k and 21?
21
Let h be (3 - (0 - -1))*16. Calculate the greatest common divisor of 176 and h.
16
Let l(k) = -2 + 4 + 4*k**2 + 2 - 6*k. Let f be l(4). What is the highest common divisor of f and 11?
11
Suppose 0 = -2*m - 3*w + 41, 3*m - 4*m + 2*w = -10. Calculate the greatest common divisor of 32 and m.
16
Let d(x) = x**2 + 2*x - 19. Let v be d(-16). What is the greatest common divisor of v and 41?
41
Let h be (9 + 2)*(-4 - -5). Calculate the highest common factor of h and 209.
11
Let i(t) = -t**2 + 2*t - 2. Let b = 8 + -5. Let v be i(b). Let j = v - -10. Calculate the greatest common divisor of 25 and j.
5
Let j be (1 - 70)/(-1 - 22/(-28)). Calculate the highest common divisor of 46 and j.
46
Let u(q) = q**2 - 1. Let n be u(-3). Let k = -84 - n. Let v = 44 - k. What is the highest common factor of v and 17?
17
Let c = 56 - 32. What is the greatest common factor of c and 36?
12
Let z(r) = -3*r - 3. Let y(b) = b**2 - 6*b + 2. Let j be (1 - (-3 - 1))*1. Let f be y(j). Let k be z(f). What is the highest common divisor of 66 and k?
6
Let u(x) = -39*x - 14. Let c be u(-2). Calculate the highest common factor of 8 and c.
8
Let a = -52 - -112. What is the greatest common divisor of a and 24?
12
Let g(w) = 4*w + 24. Let y be g(9). What is the highest common factor of 15 and y?
15
Let t(s) = -s**3 + 10*s**2 + 2*s + 12. Let b be t(10). Suppose -4*p + 8 + b = 2*g, g - 10 = 3*p. What is the greatest common factor of g and 16?
16
Let c(m) = -m**3 - m**2 + 2*m + 1. Let f be c(-2). Let i(a) = 8*a**2 - 1. Let n be i(f). Let h be 2*-1 + 3*3. Calculate the highest common divisor of n and h.
7
Let u(x) = -x + 8. Let q be u(10). Let i be 102/5 - q/(-5). Calculate the highest common divisor of i and 220.
20
Let z be ((-36)/(-30))/((-1)/(-10)). What is the greatest common factor of 36 and z?
12
Suppose 3*g + 6 = -3. Let s = -1 - g. Let l = 17 - -5. Calculate the greatest common factor of s and l.
2
Let o = 3 - 1. Suppose 0*b - o*b = -4. Let m = b + 124. What is the greatest common divisor of m and 14?
14
Let j(b) = -b**3 + 8*b**2 + 3*b + 3. Let q = 1 - -7. Let a be j(q). Suppose -2*u + 41 = -2*w + 11, 0 = 5*w - 15. What is the highest common divisor of a and u?
9
Suppose 2*f + 157 - 39 = 3*j, -3*j + f + 113 = 0. What is the greatest common factor of j and 9?
9
Suppose 2*j = m + 32, 4*j - j - 62 = 5*m. What is the greatest common factor of j and 98?
14
Suppose 0 = -5*k + 5, 10*k - 123 = -c + 8*k. Let h be -1 + 10/1 + 2. What is the highest common divisor of c and h?
11
Let a = -19 + 189. What is the highest common divisor of 68 and a?
34
Suppose -2*g + 15 - 45 = 0. Let x(o) = -2*o + 6. Let l be x(g). What is the highest common factor of l and 4?
4
Let z = 11 - 16. Let u = 2 - z. What is the highest common factor of u and 49?
7
Let q be -4 + 3 - (-68)/2. Let f = q + -13. Calculate the greatest common divisor of f and 10.
10
Let t = 13 + -4. Suppose 6*x - t*x = -84. What is the highest common factor of x and 7?
7
Suppose 4*z + 88 = -5*c, 3*c = -c - 4*z - 72. Let k = 103 - 67. Let a = c + k. What is the greatest common divisor of 220 and a?
20
Let b(f) = -f - 4. Let g be b(-7). Suppose -3*p = 3*i - p - 87, -138 = -5*i - p. What is the greatest common factor of i and g?
3
Suppose -3*n = -1 - 5. Suppose 3 = -n*m + 5*m. What is the greatest common factor of m and 5?
1
Let j(c) = c + 4. Let x be j(3). What is the greatest common divisor of x and 91?
7
Suppose -3*b = 3*q - 18, 2*b - 2*q - 3*q = -16. Calculate the highest common divisor of 12 and b.
2
Suppose -4*n + 20 = 0, 5*f - 44 - 31 = 5*n. Calculate the highest common factor of f and 20.
20
Let b be 1*((-1 - -3) + -2). Suppose b*c + c = 4. What is the greatest common factor of 24 and c?
4
Let q = -29 + 42. Calculate the highest common factor of q and 91.
13
Let a be 81/(-12) + (-2)/8. Let h = 7 + a. Suppose 2*v - 3*t - 23 = h, 86 = 4*v + t + 19. What is the highest common divisor of v and 4?
4
Let r be (5/(-10))/(3/(-12)). What is the greatest common factor of r and 4?
2
Suppose 4*l = -l + 180. Suppose -2*z + 55 - 312 = -5*j, 3*j - 157 = 4*z. Suppose -2*t + j = 3. What is the greatest common factor of t and l?
12
Suppose -5*b = -3*m + 24, 1 = m + 2*b + 4. Calculate the greatest common factor of m and 1.
1
Let i(x) = 19*x - 66. Let y be i(6). Let w be (-1)/(-2) + 23/2. What is the greatest common divisor of w and y?
12
Suppose b + 4*b - 2*c = 38, -2*b - 3*c = -19. Calculate the greatest common divisor of 24 and b.
8
Let m(d) = 2*d + 5. Let w be m(-5). Let o = -3 - w. Let f be o/(-5) - (-72)/5. Calculate the greatest common factor of f and 14.
14
Let y(w) = -2*w**2 - 16*w + 6. Let s be y(-7). Calculate the greatest common divisor of 140 and s.
20
Let c = 2 - -35. Suppose -4*v = 8 + 8, -j - 5*v + c = 0. What is the greatest common divisor of 19 and j?
19
Suppose 11*y = 21*y - 320. Calculate the highest common divisor of y and 80.
16
Let s be 1 - (-5)/((-5)/(-14)). Let r be (0 - -2)/(1/1). Suppose r*z - 7*z + 25 = 0. What is the highest common divisor of s and z?
5
Suppose 0 = 6*m - 86 - 34. What is the greatest common divisor of 10 and m?
10
Let z(q) = 6*q**3 + 1. Let y = -7 + 9. Let r be z(y). What is the highest common factor of r and 7?
7
Let d be (3 - -11) + -4 - -2. What is the greatest common divisor of d and 3?
3
Suppose 5*k = 5*w + 1 + 9, k - 6 = -w. Suppose -46 + 2 = k*u. Let v = u + 18. Calculate the highest common divisor of 56 and v.
7
Suppose -2*u + 4*u = 0. Suppose u = 6*v - 2*v - 40. What is the greatest common divisor of v and 30?
10
Let p = 35 - 2. Let u be ((352/(-14))/16)/(1/(-7)). Calculate the greatest common factor of u and p.
11
Suppose 0*f - 218 = -2*f. Suppose 31 = 5*q - f. Calculate the highest common divisor of q and 70.
14
Suppose -2*p = 11 - 27. Suppose 0 = -l + 3*x - 11, -3*l + 4*x - 22 = -9. Let w(j) = j**3. L